{"id":192,"date":"2024-11-11T11:50:43","date_gmt":"2024-11-11T10:50:43","guid":{"rendered":"https:\/\/festisolgrenoble.fr\/?page_id=192"},"modified":"2025-09-18T18:46:25","modified_gmt":"2025-09-18T16:46:25","slug":"les-associations","status":"publish","type":"page","link":"https:\/\/festisolgrenoble.fr\/index.php\/les-associations\/","title":{"rendered":"Les associations"},"content":{"rendered":"\t\t<div data-elementor-type=\"wp-page\" data-elementor-id=\"192\" class=\"elementor elementor-192\">\n\t\t\t\t<div class=\"elementor-element elementor-element-c2f4591 e-flex e-con-boxed e-con e-parent\" data-id=\"c2f4591\" data-element_type=\"container\">\n\t\t\t\t\t<div class=\"e-con-inner\">\n\t\t\t\t<div class=\"elementor-element elementor-element-f3a4e04 elementor-widget elementor-widget-heading\" data-id=\"f3a4e04\" data-element_type=\"widget\" data-widget_type=\"heading.default\">\n\t\t\t\t<div class=\"elementor-widget-container\">\n\t\t\t\t\t<h2 class=\"elementor-heading-title elementor-size-default\">Les associations du Collectif<\/h2>\t\t\t\t<\/div>\n\t\t\t\t<\/div>\n\t\t\t\t\t<\/div>\n\t\t\t\t<\/div>\n\t\t<div class=\"elementor-element elementor-element-ea7d2f8 e-flex e-con-boxed e-con e-parent\" data-id=\"ea7d2f8\" data-element_type=\"container\">\n\t\t\t\t\t<div class=\"e-con-inner\">\n\t\t\t\t<div class=\"elementor-element elementor-element-39a4840 elementor-widget elementor-widget-text-editor\" data-id=\"39a4840\" data-element_type=\"widget\" data-widget_type=\"text-editor.default\">\n\t\t\t\t<div class=\"elementor-widget-container\">\n\t\t\t\t\t\t\t\t\t<h3><span style=\"color: #99cc00;\">STRUCTURES ORGANISATRICES<\/span><\/h3><ul><li>ACIP-ASADO,<\/li><li>Alliance NepAlpes,<\/li><li>Amnesty International,<\/li><li>Association Maison Latina,<\/li><li>Association des S\u00e9n\u00e9galais de l\u2019Is\u00e8re (ASI),<\/li><li>Batuka Vi<\/li><li>Bouquins Sans Fronti\u00e8res,<\/li><li>Cap au bonheur des enfants,<\/li><li>Femmes d\u2019Himalaya,<\/li><li>GREF (Groupement des Educateurs sans Fronti\u00e8res),<\/li><li>Humacoop-Amel France,<\/li><li>Le Boutre de l\u2019espoir,<\/li><li>P\u00f4le de Solidarit\u00e9 Internationale de Grenoble.<\/li><li>Solidarit\u00e9s Paysannes Internationales &#8211; France Am\u00e9rique Latine (SPI &#8211; FAL),<\/li><\/ul>\t\t\t\t\t\t\t\t<\/div>\n\t\t\t\t<\/div>\n\t\t\t\t\t<\/div>\n\t\t\t\t<\/div>\n\t\t<div class=\"elementor-element elementor-element-f7ca0d9 e-flex e-con-boxed e-con e-parent\" data-id=\"f7ca0d9\" data-element_type=\"container\">\n\t\t\t\t\t<div class=\"e-con-inner\">\n\t\t\t\t<div class=\"elementor-element elementor-element-fe2c560 elementor-widget elementor-widget-text-editor\" data-id=\"fe2c560\" data-element_type=\"widget\" data-widget_type=\"text-editor.default\">\n\t\t\t\t<div class=\"elementor-widget-container\">\n\t\t\t\t\t\t\t\t\t<h3><span style=\"color: #99cc00;\">PARTENAIRES<\/span><\/h3><ul><li>Amis MST,<\/li><li>Association de Parrainage des Demandeurs d&rsquo;Asile et de Protection (APARDAP),<\/li><li>Association des S\u00e9n\u00e9galais de l\u2019Is\u00e8re (ASI),<\/li><li>Cin\u00e9ma Le M\u00e9li\u00e8s,<\/li><li>Cin\u00e9math\u00e8que de Grenoble,<\/li><li>Collectif M\u00e9moire V\u00e9rit\u00e9 Justice,<\/li><li>\u00bfD\u00f3nde Est\u00e1n?,<\/li><li>Maison Des Habitants Abbaye de Grenoble,<\/li><li>Maison Internationale Grenoble,<\/li><li>Solida&rsquo;rire et Peps,<\/li><li>RESACOOP,<\/li><li>Ville de Poisat,<\/li><li>Collectif FESTISOL Eybens Gi\u00e8res Venon Poisat<\/li><\/ul>\t\t\t\t\t\t\t\t<\/div>\n\t\t\t\t<\/div>\n\t\t\t\t\t<\/div>\n\t\t\t\t<\/div>\n\t\t<div class=\"elementor-element elementor-element-66749c7 e-flex e-con-boxed e-con e-parent\" data-id=\"66749c7\" data-element_type=\"container\">\n\t\t\t\t\t<div class=\"e-con-inner\">\n\t\t\t\t<div class=\"elementor-element elementor-element-7f1b069 elementor-widget elementor-widget-text-editor\" data-id=\"7f1b069\" data-element_type=\"widget\" data-widget_type=\"text-editor.default\">\n\t\t\t\t<div class=\"elementor-widget-container\">\n\t\t\t\t\t\t\t\t\t<h3><span style=\"color: #99cc00;\">SOUTIENS<\/span><\/h3><ul><li>D\u00e9partement de l\u2019Is\u00e8re<\/li><li>Ville de Grenoble.<\/li><li>CRID<\/li><\/ul>\t\t\t\t\t\t\t\t<\/div>\n\t\t\t\t<\/div>\n\t\t\t\t\t<\/div>\n\t\t\t\t<\/div>\n\t\t\t\t<\/div>\n\t\t","protected":false},"excerpt":{"rendered":"<p>Les associations du Collectif STRUCTURES ORGANISATRICES ACIP-ASADO, Alliance NepAlpes, Amnesty International, Association Maison Latina, Association des S\u00e9n\u00e9galais de l\u2019Is\u00e8re (ASI), Batuka Vi Bouquins Sans Fronti\u00e8res, Cap au bonheur des enfants, Femmes d\u2019Himalaya, GREF (Groupement des Educateurs sans Fronti\u00e8res), Humacoop-Amel France, Le Boutre de l\u2019espoir, P\u00f4le de Solidarit\u00e9 Internationale de Grenoble. Solidarit\u00e9s Paysannes Internationales &#8211; France [&hellip;]<\/p>\n","protected":false},"author":1,"featured_media":0,"parent":0,"menu_order":0,"comment_status":"closed","ping_status":"closed","template":"elementor_header_footer","meta":{"footnotes":""},"class_list":["post-192","page","type-page","status-publish","hentry"],"yoast_head":"<!-- This site is optimized with the Yoast SEO plugin v25.9 - https:\/\/yoast.com\/wordpress\/plugins\/seo\/ -->\n<title>Les associations - Festisol Grenoble<\/title>\n<meta name=\"robots\" content=\"index, follow, max-snippet:-1, max-image-preview:large, max-video-preview:-1\" \/>\n<link rel=\"canonical\" href=\"https:\/\/festisolgrenoble.fr\/index.php\/les-associations\/\" \/>\n<meta property=\"og:locale\" content=\"fr_FR\" \/>\n<meta property=\"og:type\" content=\"article\" \/>\n<meta property=\"og:title\" content=\"Les associations - Festisol Grenoble\" \/>\n<meta property=\"og:description\" content=\"Les associations du Collectif STRUCTURES ORGANISATRICES ACIP-ASADO, Alliance NepAlpes, Amnesty International, Association Maison Latina, Association des S\u00e9n\u00e9galais de l\u2019Is\u00e8re (ASI), Batuka Vi Bouquins Sans Fronti\u00e8res, Cap au bonheur des enfants, Femmes d\u2019Himalaya, GREF (Groupement des Educateurs sans Fronti\u00e8res), Humacoop-Amel France, Le Boutre de l\u2019espoir, P\u00f4le de Solidarit\u00e9 Internationale de Grenoble. Solidarit\u00e9s Paysannes Internationales &#8211; France [&hellip;]\" \/>\n<meta property=\"og:url\" content=\"https:\/\/festisolgrenoble.fr\/index.php\/les-associations\/\" \/>\n<meta property=\"og:site_name\" content=\"Festisol Grenoble\" \/>\n<meta property=\"article:publisher\" content=\"https:\/\/www.facebook.com\/festisolGrenoble\/\" \/>\n<meta property=\"article:modified_time\" content=\"2025-09-18T16:46:25+00:00\" \/>\n<meta name=\"twitter:card\" content=\"summary_large_image\" \/>\n<meta name=\"twitter:label1\" content=\"Dur\u00e9e de lecture estim\u00e9e\" \/>\n\t<meta name=\"twitter:data1\" content=\"1 minute\" \/>\n<script type=\"application\/ld+json\" class=\"yoast-schema-graph\">{\"@context\":\"https:\/\/schema.org\",\"@graph\":[{\"@type\":\"WebPage\",\"@id\":\"https:\/\/festisolgrenoble.fr\/index.php\/les-associations\/\",\"url\":\"https:\/\/festisolgrenoble.fr\/index.php\/les-associations\/\",\"name\":\"Les associations - Festisol Grenoble\",\"isPartOf\":{\"@id\":\"https:\/\/festisolgrenoble.fr\/#website\"},\"datePublished\":\"2024-11-11T10:50:43+00:00\",\"dateModified\":\"2025-09-18T16:46:25+00:00\",\"breadcrumb\":{\"@id\":\"https:\/\/festisolgrenoble.fr\/index.php\/les-associations\/#breadcrumb\"},\"inLanguage\":\"fr-FR\",\"potentialAction\":[{\"@type\":\"ReadAction\",\"target\":[\"https:\/\/festisolgrenoble.fr\/index.php\/les-associations\/\"]}]},{\"@type\":\"BreadcrumbList\",\"@id\":\"https:\/\/festisolgrenoble.fr\/index.php\/les-associations\/#breadcrumb\",\"itemListElement\":[{\"@type\":\"ListItem\",\"position\":1,\"name\":\"Home\",\"item\":\"https:\/\/festisolgrenoble.fr\/\"},{\"@type\":\"ListItem\",\"position\":2,\"name\":\"Les associations\"}]},{\"@type\":\"WebSite\",\"@id\":\"https:\/\/festisolgrenoble.fr\/#website\",\"url\":\"https:\/\/festisolgrenoble.fr\/\",\"name\":\"Festisol Grenoble\",\"description\":\"Solidaires, on va plus loin\",\"publisher\":{\"@id\":\"https:\/\/festisolgrenoble.fr\/#organization\"},\"potentialAction\":[{\"@type\":\"SearchAction\",\"target\":{\"@type\":\"EntryPoint\",\"urlTemplate\":\"https:\/\/festisolgrenoble.fr\/?s={search_term_string}\"},\"query-input\":{\"@type\":\"PropertyValueSpecification\",\"valueRequired\":true,\"valueName\":\"search_term_string\"}}],\"inLanguage\":\"fr-FR\"},{\"@type\":\"Organization\",\"@id\":\"https:\/\/festisolgrenoble.fr\/#organization\",\"name\":\"Festisol Grenoble\",\"url\":\"https:\/\/festisolgrenoble.fr\/\",\"logo\":{\"@type\":\"ImageObject\",\"inLanguage\":\"fr-FR\",\"@id\":\"https:\/\/festisolgrenoble.fr\/#\/schema\/logo\/image\/\",\"url\":\"https:\/\/festisolgrenoble.fr\/wp-content\/uploads\/2024\/06\/cropped-Solidaires-700-x-394-px.jpg\",\"contentUrl\":\"https:\/\/festisolgrenoble.fr\/wp-content\/uploads\/2024\/06\/cropped-Solidaires-700-x-394-px.jpg\",\"width\":410,\"height\":312,\"caption\":\"Festisol Grenoble\"},\"image\":{\"@id\":\"https:\/\/festisolgrenoble.fr\/#\/schema\/logo\/image\/\"},\"sameAs\":[\"https:\/\/www.facebook.com\/festisolGrenoble\/\"]}]}<\/script>\n<!-- \/ Yoast SEO plugin. -->","yoast_head_json":{"title":"Les associations - Festisol Grenoble","robots":{"index":"index","follow":"follow","max-snippet":"max-snippet:-1","max-image-preview":"max-image-preview:large","max-video-preview":"max-video-preview:-1"},"canonical":"https:\/\/festisolgrenoble.fr\/index.php\/les-associations\/","og_locale":"fr_FR","og_type":"article","og_title":"Les associations - Festisol Grenoble","og_description":"Les associations du Collectif STRUCTURES ORGANISATRICES ACIP-ASADO, Alliance NepAlpes, Amnesty International, Association Maison Latina, Association des S\u00e9n\u00e9galais de l\u2019Is\u00e8re (ASI), Batuka Vi Bouquins Sans Fronti\u00e8res, Cap au bonheur des enfants, Femmes d\u2019Himalaya, GREF (Groupement des Educateurs sans Fronti\u00e8res), Humacoop-Amel France, Le Boutre de l\u2019espoir, P\u00f4le de Solidarit\u00e9 Internationale de Grenoble. Solidarit\u00e9s Paysannes Internationales &#8211; France [&hellip;]","og_url":"https:\/\/festisolgrenoble.fr\/index.php\/les-associations\/","og_site_name":"Festisol Grenoble","article_publisher":"https:\/\/www.facebook.com\/festisolGrenoble\/","article_modified_time":"2025-09-18T16:46:25+00:00","twitter_card":"summary_large_image","twitter_misc":{"Dur\u00e9e de lecture estim\u00e9e":"1 minute"},"schema":{"@context":"https:\/\/schema.org","@graph":[{"@type":"WebPage","@id":"https:\/\/festisolgrenoble.fr\/index.php\/les-associations\/","url":"https:\/\/festisolgrenoble.fr\/index.php\/les-associations\/","name":"Les associations - Festisol Grenoble","isPartOf":{"@id":"https:\/\/festisolgrenoble.fr\/#website"},"datePublished":"2024-11-11T10:50:43+00:00","dateModified":"2025-09-18T16:46:25+00:00","breadcrumb":{"@id":"https:\/\/festisolgrenoble.fr\/index.php\/les-associations\/#breadcrumb"},"inLanguage":"fr-FR","potentialAction":[{"@type":"ReadAction","target":["https:\/\/festisolgrenoble.fr\/index.php\/les-associations\/"]}]},{"@type":"BreadcrumbList","@id":"https:\/\/festisolgrenoble.fr\/index.php\/les-associations\/#breadcrumb","itemListElement":[{"@type":"ListItem","position":1,"name":"Home","item":"https:\/\/festisolgrenoble.fr\/"},{"@type":"ListItem","position":2,"name":"Les associations"}]},{"@type":"WebSite","@id":"https:\/\/festisolgrenoble.fr\/#website","url":"https:\/\/festisolgrenoble.fr\/","name":"Festisol Grenoble","description":"Solidaires, on va plus loin","publisher":{"@id":"https:\/\/festisolgrenoble.fr\/#organization"},"potentialAction":[{"@type":"SearchAction","target":{"@type":"EntryPoint","urlTemplate":"https:\/\/festisolgrenoble.fr\/?s={search_term_string}"},"query-input":{"@type":"PropertyValueSpecification","valueRequired":true,"valueName":"search_term_string"}}],"inLanguage":"fr-FR"},{"@type":"Organization","@id":"https:\/\/festisolgrenoble.fr\/#organization","name":"Festisol Grenoble","url":"https:\/\/festisolgrenoble.fr\/","logo":{"@type":"ImageObject","inLanguage":"fr-FR","@id":"https:\/\/festisolgrenoble.fr\/#\/schema\/logo\/image\/","url":"https:\/\/festisolgrenoble.fr\/wp-content\/uploads\/2024\/06\/cropped-Solidaires-700-x-394-px.jpg","contentUrl":"https:\/\/festisolgrenoble.fr\/wp-content\/uploads\/2024\/06\/cropped-Solidaires-700-x-394-px.jpg","width":410,"height":312,"caption":"Festisol Grenoble"},"image":{"@id":"https:\/\/festisolgrenoble.fr\/#\/schema\/logo\/image\/"},"sameAs":["https:\/\/www.facebook.com\/festisolGrenoble\/"]}]}},"jetpack_sharing_enabled":true,"_links":{"self":[{"href":"https:\/\/festisolgrenoble.fr\/index.php\/wp-json\/wp\/v2\/pages\/192","targetHints":{"allow":["GET"]}}],"collection":[{"href":"https:\/\/festisolgrenoble.fr\/index.php\/wp-json\/wp\/v2\/pages"}],"about":[{"href":"https:\/\/festisolgrenoble.fr\/index.php\/wp-json\/wp\/v2\/types\/page"}],"author":[{"embeddable":true,"href":"https:\/\/festisolgrenoble.fr\/index.php\/wp-json\/wp\/v2\/users\/1"}],"replies":[{"embeddable":true,"href":"https:\/\/festisolgrenoble.fr\/index.php\/wp-json\/wp\/v2\/comments?post=192"}],"version-history":[{"count":22,"href":"https:\/\/festisolgrenoble.fr\/index.php\/wp-json\/wp\/v2\/pages\/192\/revisions"}],"predecessor-version":[{"id":470,"href":"https:\/\/festisolgrenoble.fr\/index.php\/wp-json\/wp\/v2\/pages\/192\/revisions\/470"}],"wp:attachment":[{"href":"https:\/\/festisolgrenoble.fr\/index.php\/wp-json\/wp\/v2\/media?parent=192"}],"curies":[{"name":"wp","href":"https:\/\/api.w.org\/{rel}","templated":true}]}}