{"id":7,"date":"2024-06-01T09:38:10","date_gmt":"2024-06-01T07:38:10","guid":{"rendered":"http:\/\/festisolgrenoble.fr\/?page_id=7"},"modified":"2024-06-01T11:56:03","modified_gmt":"2024-06-01T09:56:03","slug":"accueil_old","status":"publish","type":"page","link":"https:\/\/festisolgrenoble.fr\/index.php\/accueil_old\/","title":{"rendered":"Accueil old"},"content":{"rendered":"\t\t<div data-elementor-type=\"wp-page\" data-elementor-id=\"7\" class=\"elementor elementor-7\">\n\t\t\t\t<div class=\"elementor-element elementor-element-707ddf54 e-flex e-con-boxed e-con e-parent\" data-id=\"707ddf54\" data-element_type=\"container\">\n\t\t\t\t\t<div class=\"e-con-inner\">\n\t\t\t\t<div class=\"elementor-element elementor-element-78946b38 elementor-widget elementor-widget-text-editor\" data-id=\"78946b38\" data-element_type=\"widget\" data-widget_type=\"text-editor.default\">\n\t\t\t\t<div class=\"elementor-widget-container\">\n\t\t\t\t\t\t\t\t\t\n<div class=\"wp-block-cover alignfull is-light\" style=\"min-height: 720px;aspect-ratio:unset;\">\n<div class=\"wp-block-cover__inner-container is-layout-flow wp-block-cover-is-layout-flow\">\n<div class=\"wp-block-group alignwide\"><div class=\"wp-block-group__inner-container is-layout-constrained wp-block-group-is-layout-constrained\">\n<div class=\"wp-block-media-text alignwide has-media-on-the-right is-stacked-on-mobile is-vertically-aligned-center\" style=\"grid-template-columns: auto 43%;\">\n<div class=\"wp-block-media-text__content\">\n<h2 class=\"has-text-align-left has-white-color has-text-color wp-block-heading\"><img decoding=\"async\" class=\" wp-image-71 alignleft\" src=\"http:\/\/festisolgrenoble.fr\/wp-content\/uploads\/2024\/06\/slogan-avec-vagues_cmjn_hd_small.webp\" alt=\"\" width=\"151\" height=\"142\" \/><\/h2>\n<h2 class=\"has-text-align-left has-white-color has-text-color\">Solidaires, on va plus loin !<\/h2>\n\n<p>\u00a0<\/p>\n<p>\u00a0<\/p>\n<\/div>\n<\/div>\n<\/div>\n<\/div>\n<\/div>\n<div class=\"wp-block-group alignfull has-ast-global-color-5-background-color has-background\" style=\"padding-bottom: 0px;\">\n<div class=\"wp-block-columns are-vertically-aligned-top\">\n<div class=\"wp-block-column is-vertically-aligned-top\">\n<figure class=\"wp-block-image size-large\"><img decoding=\"async\" class=\"wp-image-134\" src=\"http:\/\/festisolgrenoble.fr\/wp-content\/themes\/astra\/inc\/assets\/images\/starter-content\/building.svg\" alt=\"\" \/><\/figure>\n\n<h3 class=\"has-text-align-left wp-block-heading\" style=\"margin-top: 16px;\">Local Business<\/h3>\n\n<p class=\"has-text-align-left\">Lorem ipsum dolor consectetur adipiscing elit eiusmod.<\/p>\n<\/div>\n\n<div class=\"wp-block-column is-vertically-aligned-top is-layout-flow wp-block-column-is-layout-flow\">\n<figure class=\"wp-block-image size-large\"><img decoding=\"async\" class=\"wp-image-135\" src=\"http:\/\/festisolgrenoble.fr\/wp-content\/themes\/astra\/inc\/assets\/images\/starter-content\/shopping-bag.svg\" alt=\"\" \/><\/figure>\n\n<h3 class=\"has-text-align-left wp-block-heading\" style=\"margin-top: 16px;\">Online Store<\/h3>\n\n<p class=\"has-text-align-left\">Lorem ipsum dolor consectetur adipiscing elit eiusmod.<\/p>\n<\/div>\n\n<div class=\"wp-block-column is-vertically-aligned-top is-layout-flow wp-block-column-is-layout-flow\">\n<figure class=\"wp-block-image size-large\"><img decoding=\"async\" class=\"wp-image-136\" src=\"http:\/\/festisolgrenoble.fr\/wp-content\/themes\/astra\/inc\/assets\/images\/starter-content\/blog.svg\" alt=\"\" \/><\/figure>\n\n<h3 class=\"has-text-align-left wp-block-heading\" style=\"margin-top: 16px;\">Blogging<\/h3>\n\n<p class=\"has-text-align-left\">Lorem ipsum dolor consectetur adipiscing elit eiusmod.<\/p>\n<\/div>\n\n<div class=\"wp-block-column is-vertically-aligned-top is-layout-flow wp-block-column-is-layout-flow\">\n<figure class=\"wp-block-image size-large\"><img decoding=\"async\" class=\"wp-image-137\" src=\"http:\/\/festisolgrenoble.fr\/wp-content\/themes\/astra\/inc\/assets\/images\/starter-content\/portfolio.svg\" alt=\"\" \/><\/figure>\n\n<h3 class=\"has-text-align-left wp-block-heading\" style=\"margin-top: 16px;\">Portfolio<\/h3>\n\n<p class=\"has-text-align-left\">Lorem ipsum dolor consectetur adipiscing elit eiusmod.<\/p>\n<\/div>\n<\/div><\/div>\n<\/div>\n\n<div id=\"services\" class=\"wp-block-group alignfull\" style=\"padding-top: 144px; padding-bottom: 0px;\"><div class=\"wp-block-group__inner-container is-layout-constrained wp-container-core-group-is-layout-87b4ec50 wp-block-group-is-layout-constrained\">\n<h2 class=\"wp-block-heading\">Our Services<\/h2>\n\n<div class=\"wp-block-columns is-layout-flex wp-container-core-columns-is-layout-f2dca054 wp-block-columns-is-layout-flex\" style=\"margin-top: 50px;\">\n<div class=\"wp-block-column is-layout-flow wp-block-column-is-layout-flow\">\n<figure class=\"wp-block-image size-full\"><img decoding=\"async\" class=\"wp-image-230\" src=\"http:\/\/festisolgrenoble.fr\/wp-content\/themes\/astra\/inc\/assets\/images\/starter-content\/branding.jpg\" alt=\"\" \/><\/figure>\n\n<h3 class=\"wp-block-heading\" style=\"margin-top: 16px;\">Branding Design<\/h3>\n\n<p>Sem quis erat nibh id neque tincidunt molestie convallis ut nibh vel, lorem consequat ullamcorper.<\/p>\n<\/div>\n\n<div class=\"wp-block-column is-layout-flow wp-block-column-is-layout-flow\">\n<figure class=\"wp-block-image size-full\"><img decoding=\"async\" class=\"wp-image-232\" src=\"http:\/\/festisolgrenoble.fr\/wp-content\/themes\/astra\/inc\/assets\/images\/starter-content\/graphic.jpg\" alt=\"\" \/><\/figure>\n\n<h3 class=\"wp-block-heading\" style=\"margin-top: 16px;\">Graphic Design<\/h3>\n\n<p>Sem quis erat nibh id neque tincidunt molestie convallis ut nibh vel, lorem consequat ullamcorper.<\/p>\n<\/div>\n\n<div class=\"wp-block-column is-layout-flow wp-block-column-is-layout-flow\">\n<figure class=\"wp-block-image size-full\"><img decoding=\"async\" class=\"wp-image-231\" src=\"http:\/\/festisolgrenoble.fr\/wp-content\/themes\/astra\/inc\/assets\/images\/starter-content\/web.jpg\" alt=\"\" \/><\/figure>\n\n<h3 class=\"wp-block-heading\" style=\"margin-top: 16px;\">Web Development<\/h3>\n\n<p>Sem quis erat nibh id neque tincidunt molestie convallis ut nibh vel, lorem consequat ullamcorper.<\/p>\n<\/div>\n<\/div>\n<\/div><\/div>\n\n<div id=\"about\" class=\"wp-block-group alignfull has-ast-global-color-5-background-color has-background\" style=\"padding-top: 143px; padding-bottom: 144px;\"><div class=\"wp-block-group__inner-container is-layout-constrained wp-container-core-group-is-layout-fe2c33bb wp-block-group-is-layout-constrained\">\n<div class=\"wp-block-media-text has-media-on-the-right is-stacked-on-mobile is-vertically-aligned-center\">\n<div class=\"wp-block-media-text__content\">\n<div class=\"wp-block-group\" style=\"padding-right: 80px;\"><div class=\"wp-block-group__inner-container is-layout-constrained wp-container-core-group-is-layout-4b302186 wp-block-group-is-layout-constrained\">\n<h2 class=\"wp-block-heading\" style=\"padding-right: 40px;\">We help teams build the business of their dreams<\/h2>\n\n<p>Et in risus egestas nec vitae odio ac nibh vestibulum volutpat aliquet aenean erat lobortis non.<\/p>\n\n<p>Nibh egestas dictumst cursus est turpis quis tincidunt pulvinar maecenas eget massa vel, ante nam blandit egestas enim id quis sit maecenas id nunc tempus auctor orci, enim imperdiet proin nibh mattis.<\/p>\n<\/div><\/div>\n<\/div>\n<figure class=\"wp-block-media-text__media\"><img decoding=\"async\" class=\"wp-image-237 size-full\" src=\"http:\/\/festisolgrenoble.fr\/wp-content\/themes\/astra\/inc\/assets\/images\/starter-content\/about-us.jpg\" alt=\"\" \/><\/figure>\n<\/div>\n<\/div><\/div>\n\n<div id=\"reviews\" class=\"wp-block-group alignfull has-ast-global-color-4-background-color has-background\"><div class=\"wp-block-group__inner-container is-layout-constrained wp-container-core-group-is-layout-be8a1dfc wp-block-group-is-layout-constrained\"><div class=\"wp-block-image\">\n<figure class=\"aligncenter size-full\"><img decoding=\"async\" class=\"wp-image-235\" src=\"http:\/\/festisolgrenoble.fr\/wp-content\/themes\/astra\/inc\/assets\/images\/starter-content\/avatar.png\" alt=\"\" \/><\/figure>\n<\/div>\n<p class=\"has-text-align-center\" style=\"font-size: 22px; line-height: 1.6;\">\u201cThe best part is that Astra comes with hundreds of professionally designed templates for just about every industry, makes it super easy for non-techy users to build a website.\u201d<\/p>\n\n<p class=\"has-text-align-center\"><strong>Wade Warren<\/strong><\/p>\n<\/div><\/div>\n\n<div id=\"whyus\" class=\"wp-block-group alignfull\" style=\"padding-top: 144px; padding-bottom: 144px;\"><div class=\"wp-block-group__inner-container is-layout-constrained wp-container-core-group-is-layout-360cd3be wp-block-group-is-layout-constrained\">\n<h2 class=\"wp-block-heading\">Why Choose Us<\/h2>\n\n<div class=\"wp-block-columns is-layout-flex wp-container-core-columns-is-layout-327a385a wp-block-columns-is-layout-flex\" style=\"margin-top: 60px;\">\n<div class=\"wp-block-column is-layout-flow wp-block-column-is-layout-flow\">\n<figure class=\"wp-block-image size-large\"><img decoding=\"async\" class=\"wp-image-162\" src=\"http:\/\/festisolgrenoble.fr\/wp-content\/themes\/astra\/inc\/assets\/images\/starter-content\/passionate.svg\" alt=\"\" \/><\/figure>\n\n<h3 class=\"wp-block-heading\" style=\"margin-top: 16px;\">Passionate<\/h3>\n\n<p>Tempor ullamcorper urna, est, lectus amet sit tempor pretium mi sed morbi cras posuere sit ultrices bibendum augue sit ornare.<\/p>\n<\/div>\n\n<div class=\"wp-block-column is-layout-flow wp-block-column-is-layout-flow\">\n<figure class=\"wp-block-image size-large\"><img decoding=\"async\" class=\"wp-image-163\" src=\"http:\/\/festisolgrenoble.fr\/wp-content\/themes\/astra\/inc\/assets\/images\/starter-content\/professional.svg\" alt=\"\" \/><\/figure>\n\n<h3 class=\"wp-block-heading\" style=\"margin-top: 16px;\">Professional<\/h3>\n\n<p>Tempor ullamcorper urna, est, lectus amet sit tempor pretium mi sed morbi cras posuere sit ultrices bibendum augue sit ornare.<\/p>\n<\/div>\n\n<div class=\"wp-block-column is-layout-flow wp-block-column-is-layout-flow\">\n<figure class=\"wp-block-image size-large\"><img decoding=\"async\" class=\"wp-image-164\" src=\"http:\/\/festisolgrenoble.fr\/wp-content\/themes\/astra\/inc\/assets\/images\/starter-content\/support.svg\" alt=\"\" \/><\/figure>\n\n<h3 class=\"wp-block-heading\" style=\"margin-top: 16px;\">Support<\/h3>\n\n<p>Tempor ullamcorper urna, est, lectus amet sit tempor pretium mi sed morbi cras posuere sit ultrices bibendum augue sit ornare.<\/p>\n<\/div>\n<\/div>\n<\/div><\/div>\n\n<div id=\"contact\" class=\"wp-block-group alignfull has-background\" style=\"background: linear-gradient(35deg,#060097 0%,#8204ff 64%,#c10fff 98%); padding-top: 104px; padding-bottom: 104px;\"><div class=\"wp-block-group__inner-container is-layout-constrained wp-container-core-group-is-layout-7a1c33fc wp-block-group-is-layout-constrained\">\n<h2 class=\"has-text-align-center has-text-color wp-block-heading\" style=\"color: #ffffff;\">Get a professional website today!<\/h2>\n\n<div class=\"wp-block-buttons alignwide is-horizontal is-content-justification-center is-layout-flex wp-container-core-buttons-is-layout-91318718 wp-block-buttons-is-layout-flex\" style=\"margin-top: 50px;\">\n<div class=\"wp-block-button\"><a class=\"wp-block-button__link wp-element-button\">Make a Website<\/a><\/div>\n<\/div>\n<\/div><\/div>\n\t\t\t\t\t\t\t\t<\/div>\n\t\t\t\t<\/div>\n\t\t\t\t<div class=\"elementor-element elementor-element-80c0898 elementor-widget elementor-widget-text-editor\" data-id=\"80c0898\" data-element_type=\"widget\" data-widget_type=\"text-editor.default\">\n\t\t\t\t<div class=\"elementor-widget-container\">\n\t\t\t\t\t\t\t\t\t\n<div class=\"wp-block-cover alignfull is-light\" style=\"min-height: 720px;aspect-ratio:unset;\">\n<div class=\"wp-block-cover__inner-container is-layout-flow wp-block-cover-is-layout-flow\">\n<div class=\"wp-block-group alignwide\"><div class=\"wp-block-group__inner-container is-layout-constrained wp-block-group-is-layout-constrained\">\n<div class=\"wp-block-media-text alignwide has-media-on-the-right is-stacked-on-mobile is-vertically-aligned-center\" style=\"grid-template-columns: auto 43%;\">\n<div class=\"wp-block-media-text__content\">\n<p class=\"cvGsUA direction-ltr align-start para-style-body\"><span class=\"OYPEnA text-decoration-none text-strikethrough-none\">Notre collectif<\/span> <span class=\"OYPEnA text-decoration-none text-strikethrough-none\">d\u2019associations\u00a0<\/span><span class=\"OYPEnA text-decoration-none text-strikethrough-none\">propose chaque ann\u00e9e en novembre des \u00e9v\u00e9nements festifs <\/span><span class=\"OYPEnA text-decoration-none text-strikethrough-none\">pour <\/span><span class=\"OYPEnA text-decoration-none text-strikethrough-none\">donner\u00a0<\/span><span class=\"OYPEnA text-decoration-none text-strikethrough-none\">l\u2019envie d\u2019agir ensemble pour\u00a0<\/span><span class=\"OYPEnA text-decoration-none text-strikethrough-none\">un monde juste, solidaire et durable.<\/span><\/p>\n<p><a class=\"wp-block-button__link wp-element-button\" href=\"#\">Edition 2024<\/a><\/p>\n<\/div>\n<p>\u00a0<\/p>\n<figure class=\"wp-block-media-text__media\"><\/figure>\n<\/div>\n<\/div><\/div>\n<\/div>\n<\/div>\n\n<div class=\"wp-block-group alignfull has-ast-global-color-5-background-color has-background\" style=\"padding-bottom: 0px;\"><div class=\"wp-block-group__inner-container is-layout-constrained wp-container-core-group-is-layout-9ff7351d wp-block-group-is-layout-constrained\">\n<div class=\"wp-block-columns are-vertically-aligned-top is-layout-flex wp-container-core-columns-is-layout-88c107d0 wp-block-columns-is-layout-flex\">\n<div class=\"wp-block-column is-vertically-aligned-top is-layout-flow wp-block-column-is-layout-flow\"><\/div>\n<\/div>\n\t\t\t\t\t\t\t\t<\/div>\n\t\t\t\t<\/div>\n\t\t\t\t\t<\/div>\n\t\t\t\t<\/div><\/div>\n\t\t\t\t<\/div>\n\t\t","protected":false},"excerpt":{"rendered":"<p>Our Services Branding Design Sem quis erat nibh id neque tincidunt molestie convallis ut nibh vel, lorem consequat ullamcorper. Graphic Design Sem quis erat nibh id neque tincidunt molestie convallis ut nibh vel, lorem consequat ullamcorper. Web Development Sem quis erat nibh id neque tincidunt molestie convallis ut nibh vel, lorem consequat ullamcorper. We help [&hellip;]<\/p>\n","protected":false},"author":1,"featured_media":0,"parent":0,"menu_order":0,"comment_status":"closed","ping_status":"closed","template":"","meta":{"footnotes":""},"class_list":["post-7","page","type-page","status-publish","hentry"],"yoast_head":"<!-- This site is optimized with the Yoast SEO plugin v25.9 - https:\/\/yoast.com\/wordpress\/plugins\/seo\/ -->\n<title>Accueil old - Festisol Grenoble<\/title>\n<meta name=\"robots\" content=\"index, follow, max-snippet:-1, max-image-preview:large, max-video-preview:-1\" \/>\n<link rel=\"canonical\" href=\"https:\/\/festisolgrenoble.fr\/index.php\/accueil_old\/\" \/>\n<meta property=\"og:locale\" content=\"fr_FR\" \/>\n<meta property=\"og:type\" content=\"article\" \/>\n<meta property=\"og:title\" content=\"Accueil old - Festisol Grenoble\" \/>\n<meta property=\"og:description\" content=\"Our Services Branding Design Sem quis erat nibh id neque tincidunt molestie convallis ut nibh vel, lorem consequat ullamcorper. Graphic Design Sem quis erat nibh id neque tincidunt molestie convallis ut nibh vel, lorem consequat ullamcorper. Web Development Sem quis erat nibh id neque tincidunt molestie convallis ut nibh vel, lorem consequat ullamcorper. We help [&hellip;]\" \/>\n<meta property=\"og:url\" content=\"https:\/\/festisolgrenoble.fr\/index.php\/accueil_old\/\" \/>\n<meta property=\"og:site_name\" content=\"Festisol Grenoble\" \/>\n<meta property=\"article:publisher\" content=\"https:\/\/www.facebook.com\/festisolGrenoble\/\" \/>\n<meta property=\"article:modified_time\" content=\"2024-06-01T09:56:03+00:00\" \/>\n<meta property=\"og:image\" content=\"http:\/\/festisolgrenoble.fr\/wp-content\/uploads\/2024\/06\/slogan-avec-vagues_cmjn_hd_small.webp\" \/>\n<meta name=\"twitter:card\" content=\"summary_large_image\" \/>\n<meta name=\"twitter:label1\" content=\"Dur\u00e9e de lecture estim\u00e9e\" \/>\n\t<meta name=\"twitter:data1\" content=\"1 minute\" \/>\n<script type=\"application\/ld+json\" class=\"yoast-schema-graph\">{\"@context\":\"https:\/\/schema.org\",\"@graph\":[{\"@type\":\"WebPage\",\"@id\":\"https:\/\/festisolgrenoble.fr\/index.php\/accueil_old\/\",\"url\":\"https:\/\/festisolgrenoble.fr\/index.php\/accueil_old\/\",\"name\":\"Accueil old - Festisol Grenoble\",\"isPartOf\":{\"@id\":\"https:\/\/festisolgrenoble.fr\/#website\"},\"primaryImageOfPage\":{\"@id\":\"https:\/\/festisolgrenoble.fr\/index.php\/accueil_old\/#primaryimage\"},\"image\":{\"@id\":\"https:\/\/festisolgrenoble.fr\/index.php\/accueil_old\/#primaryimage\"},\"thumbnailUrl\":\"http:\/\/festisolgrenoble.fr\/wp-content\/uploads\/2024\/06\/slogan-avec-vagues_cmjn_hd_small.webp\",\"datePublished\":\"2024-06-01T07:38:10+00:00\",\"dateModified\":\"2024-06-01T09:56:03+00:00\",\"breadcrumb\":{\"@id\":\"https:\/\/festisolgrenoble.fr\/index.php\/accueil_old\/#breadcrumb\"},\"inLanguage\":\"fr-FR\",\"potentialAction\":[{\"@type\":\"ReadAction\",\"target\":[\"https:\/\/festisolgrenoble.fr\/index.php\/accueil_old\/\"]}]},{\"@type\":\"ImageObject\",\"inLanguage\":\"fr-FR\",\"@id\":\"https:\/\/festisolgrenoble.fr\/index.php\/accueil_old\/#primaryimage\",\"url\":\"https:\/\/festisolgrenoble.fr\/wp-content\/uploads\/2024\/06\/slogan-avec-vagues_cmjn_hd_small.webp\",\"contentUrl\":\"https:\/\/festisolgrenoble.fr\/wp-content\/uploads\/2024\/06\/slogan-avec-vagues_cmjn_hd_small.webp\",\"width\":1920,\"height\":1808},{\"@type\":\"BreadcrumbList\",\"@id\":\"https:\/\/festisolgrenoble.fr\/index.php\/accueil_old\/#breadcrumb\",\"itemListElement\":[{\"@type\":\"ListItem\",\"position\":1,\"name\":\"Home\",\"item\":\"https:\/\/festisolgrenoble.fr\/\"},{\"@type\":\"ListItem\",\"position\":2,\"name\":\"Accueil old\"}]},{\"@type\":\"WebSite\",\"@id\":\"https:\/\/festisolgrenoble.fr\/#website\",\"url\":\"https:\/\/festisolgrenoble.fr\/\",\"name\":\"Festisol Grenoble\",\"description\":\"Solidaires, on va plus loin\",\"publisher\":{\"@id\":\"https:\/\/festisolgrenoble.fr\/#organization\"},\"potentialAction\":[{\"@type\":\"SearchAction\",\"target\":{\"@type\":\"EntryPoint\",\"urlTemplate\":\"https:\/\/festisolgrenoble.fr\/?s={search_term_string}\"},\"query-input\":{\"@type\":\"PropertyValueSpecification\",\"valueRequired\":true,\"valueName\":\"search_term_string\"}}],\"inLanguage\":\"fr-FR\"},{\"@type\":\"Organization\",\"@id\":\"https:\/\/festisolgrenoble.fr\/#organization\",\"name\":\"Festisol Grenoble\",\"url\":\"https:\/\/festisolgrenoble.fr\/\",\"logo\":{\"@type\":\"ImageObject\",\"inLanguage\":\"fr-FR\",\"@id\":\"https:\/\/festisolgrenoble.fr\/#\/schema\/logo\/image\/\",\"url\":\"https:\/\/festisolgrenoble.fr\/wp-content\/uploads\/2024\/06\/cropped-Solidaires-700-x-394-px.jpg\",\"contentUrl\":\"https:\/\/festisolgrenoble.fr\/wp-content\/uploads\/2024\/06\/cropped-Solidaires-700-x-394-px.jpg\",\"width\":410,\"height\":312,\"caption\":\"Festisol Grenoble\"},\"image\":{\"@id\":\"https:\/\/festisolgrenoble.fr\/#\/schema\/logo\/image\/\"},\"sameAs\":[\"https:\/\/www.facebook.com\/festisolGrenoble\/\"]}]}<\/script>\n<!-- \/ Yoast SEO plugin. -->","yoast_head_json":{"title":"Accueil old - Festisol Grenoble","robots":{"index":"index","follow":"follow","max-snippet":"max-snippet:-1","max-image-preview":"max-image-preview:large","max-video-preview":"max-video-preview:-1"},"canonical":"https:\/\/festisolgrenoble.fr\/index.php\/accueil_old\/","og_locale":"fr_FR","og_type":"article","og_title":"Accueil old - Festisol Grenoble","og_description":"Our Services Branding Design Sem quis erat nibh id neque tincidunt molestie convallis ut nibh vel, lorem consequat ullamcorper. Graphic Design Sem quis erat nibh id neque tincidunt molestie convallis ut nibh vel, lorem consequat ullamcorper. Web Development Sem quis erat nibh id neque tincidunt molestie convallis ut nibh vel, lorem consequat ullamcorper. We help [&hellip;]","og_url":"https:\/\/festisolgrenoble.fr\/index.php\/accueil_old\/","og_site_name":"Festisol Grenoble","article_publisher":"https:\/\/www.facebook.com\/festisolGrenoble\/","article_modified_time":"2024-06-01T09:56:03+00:00","og_image":[{"url":"http:\/\/festisolgrenoble.fr\/wp-content\/uploads\/2024\/06\/slogan-avec-vagues_cmjn_hd_small.webp","type":"","width":"","height":""}],"twitter_card":"summary_large_image","twitter_misc":{"Dur\u00e9e de lecture estim\u00e9e":"1 minute"},"schema":{"@context":"https:\/\/schema.org","@graph":[{"@type":"WebPage","@id":"https:\/\/festisolgrenoble.fr\/index.php\/accueil_old\/","url":"https:\/\/festisolgrenoble.fr\/index.php\/accueil_old\/","name":"Accueil old - Festisol Grenoble","isPartOf":{"@id":"https:\/\/festisolgrenoble.fr\/#website"},"primaryImageOfPage":{"@id":"https:\/\/festisolgrenoble.fr\/index.php\/accueil_old\/#primaryimage"},"image":{"@id":"https:\/\/festisolgrenoble.fr\/index.php\/accueil_old\/#primaryimage"},"thumbnailUrl":"http:\/\/festisolgrenoble.fr\/wp-content\/uploads\/2024\/06\/slogan-avec-vagues_cmjn_hd_small.webp","datePublished":"2024-06-01T07:38:10+00:00","dateModified":"2024-06-01T09:56:03+00:00","breadcrumb":{"@id":"https:\/\/festisolgrenoble.fr\/index.php\/accueil_old\/#breadcrumb"},"inLanguage":"fr-FR","potentialAction":[{"@type":"ReadAction","target":["https:\/\/festisolgrenoble.fr\/index.php\/accueil_old\/"]}]},{"@type":"ImageObject","inLanguage":"fr-FR","@id":"https:\/\/festisolgrenoble.fr\/index.php\/accueil_old\/#primaryimage","url":"https:\/\/festisolgrenoble.fr\/wp-content\/uploads\/2024\/06\/slogan-avec-vagues_cmjn_hd_small.webp","contentUrl":"https:\/\/festisolgrenoble.fr\/wp-content\/uploads\/2024\/06\/slogan-avec-vagues_cmjn_hd_small.webp","width":1920,"height":1808},{"@type":"BreadcrumbList","@id":"https:\/\/festisolgrenoble.fr\/index.php\/accueil_old\/#breadcrumb","itemListElement":[{"@type":"ListItem","position":1,"name":"Home","item":"https:\/\/festisolgrenoble.fr\/"},{"@type":"ListItem","position":2,"name":"Accueil old"}]},{"@type":"WebSite","@id":"https:\/\/festisolgrenoble.fr\/#website","url":"https:\/\/festisolgrenoble.fr\/","name":"Festisol Grenoble","description":"Solidaires, on va plus loin","publisher":{"@id":"https:\/\/festisolgrenoble.fr\/#organization"},"potentialAction":[{"@type":"SearchAction","target":{"@type":"EntryPoint","urlTemplate":"https:\/\/festisolgrenoble.fr\/?s={search_term_string}"},"query-input":{"@type":"PropertyValueSpecification","valueRequired":true,"valueName":"search_term_string"}}],"inLanguage":"fr-FR"},{"@type":"Organization","@id":"https:\/\/festisolgrenoble.fr\/#organization","name":"Festisol Grenoble","url":"https:\/\/festisolgrenoble.fr\/","logo":{"@type":"ImageObject","inLanguage":"fr-FR","@id":"https:\/\/festisolgrenoble.fr\/#\/schema\/logo\/image\/","url":"https:\/\/festisolgrenoble.fr\/wp-content\/uploads\/2024\/06\/cropped-Solidaires-700-x-394-px.jpg","contentUrl":"https:\/\/festisolgrenoble.fr\/wp-content\/uploads\/2024\/06\/cropped-Solidaires-700-x-394-px.jpg","width":410,"height":312,"caption":"Festisol Grenoble"},"image":{"@id":"https:\/\/festisolgrenoble.fr\/#\/schema\/logo\/image\/"},"sameAs":["https:\/\/www.facebook.com\/festisolGrenoble\/"]}]}},"jetpack_sharing_enabled":true,"_links":{"self":[{"href":"https:\/\/festisolgrenoble.fr\/index.php\/wp-json\/wp\/v2\/pages\/7","targetHints":{"allow":["GET"]}}],"collection":[{"href":"https:\/\/festisolgrenoble.fr\/index.php\/wp-json\/wp\/v2\/pages"}],"about":[{"href":"https:\/\/festisolgrenoble.fr\/index.php\/wp-json\/wp\/v2\/types\/page"}],"author":[{"embeddable":true,"href":"https:\/\/festisolgrenoble.fr\/index.php\/wp-json\/wp\/v2\/users\/1"}],"replies":[{"embeddable":true,"href":"https:\/\/festisolgrenoble.fr\/index.php\/wp-json\/wp\/v2\/comments?post=7"}],"version-history":[{"count":15,"href":"https:\/\/festisolgrenoble.fr\/index.php\/wp-json\/wp\/v2\/pages\/7\/revisions"}],"predecessor-version":[{"id":85,"href":"https:\/\/festisolgrenoble.fr\/index.php\/wp-json\/wp\/v2\/pages\/7\/revisions\/85"}],"wp:attachment":[{"href":"https:\/\/festisolgrenoble.fr\/index.php\/wp-json\/wp\/v2\/media?parent=7"}],"curies":[{"name":"wp","href":"https:\/\/api.w.org\/{rel}","templated":true}]}}